4?
4
Let q(d) = -d + 7. Let k be q(10). Let z be -2*(-17 - (-1 - k)). Suppose -4*u = -2*w - z, -u - 5*w = 4*u - 40. Calculate the greatest common factor of u and 1.
1
Let c be -11*(-2)/(-3)*6. Let d be 8/c - 222/(-11). Calculate the greatest common factor of 30 and d.
10
Let q = 60 - 47. Let w(i) = -28*i + 5. Let y be w(-4). Calculate the greatest common factor of y and q.
13
Let b(j) = -j**3 - j**2 + 88. Let u = 71 - 71. Let k be b(u). Let r(w) = 2*w**2 + 5*w - 4. Let m be r(-4). What is the highest common divisor of k and m?
8
Let c(g) = 2*g - 11. Let d be c(7). Suppose -j - d*u + 9 = 0, -j + 4*j = 5*u + 27. Calculate the highest common divisor of j and 3.
3
Let p = 9 - 0. Suppose 0 = -r - 2*g + 6, -4*r + p = -6*r + 3*g. Suppose r*v = v - 4*b - 24, 4*b = 2*v - 32. Calculate the highest common divisor of 72 and v.
8
Suppose 5*v + 15 = z, 2 + 13 = 2*z + 5*v. Let u(i) = -25*i**3 + i - 1. Let c be u(1). Let m = c + 65. What is the greatest common factor of m and z?
10
Suppose 0 = 2*d + k - 24 - 8, -5*d + 5*k = -95. What is the highest common divisor of d and 221?
17
Let i(v) = -13*v + 11. Let d be i(-9). Suppose -t + 10 = -6. What is the greatest common factor of d and t?
16
Suppose -15*l + 28 = -2. What is the greatest common divisor of l and 1?
1
Suppose -4*g + 0*g = 80. Let z be (3 + -2)/(4/g). Let l be (-59)/z + (-4)/(-20). Calculate the greatest common divisor of l and 6.
6
Let f = -1792 + 1825. Calculate the highest common divisor of 759 and f.
33
Let a = 96 - 133. Let u = a + 50. Let f be 1/2 + 285/2. Calculate the greatest common divisor of f and u.
13
Suppose -3*u = -2*q - 2*q + 426, -5*u + 95 = q. Calculate the highest common divisor of q and 42.
21
Suppose 2*c + 2*w - 241 = -57, 5*c = 3*w + 452. Calculate the greatest common divisor of c and 14.
7
Let z(t) = 5*t**2 - t + 1. Let g be z(1). Let o(x) = x - 9. Let a be o(19). Calculate the highest common factor of g and a.
5
Let h be 5 + (-10)/(-6)*414/115. Let y = 29 + 4. Calculate the highest common factor of h and y.
11
Let l = 229 - 215. Let j(n) = -4*n - 6. Let i be j(-5). Calculate the greatest common divisor of i and l.
14
Let o = 280 + -222. What is the greatest common divisor of 174 and o?
58
Suppose -3*o + 13 = 2*r, -3*o + 5 = -r - r. Let u(k) = 3*k**2 + 1. Let p be u(o). Let a = -20 + p. Calculate the greatest common factor of a and 40.
8
Let g = -4 - 0. Let s be 0/(g/(4/1)). Suppose z + 2*i - 93 + 21 = s, 0 = 4*z + 2*i - 264. What is the greatest common factor of 8 and z?
8
Let j(f) = -41*f + 138. Let h be j(3). What is the highest common factor of h and 120?
15
Suppose -76*x + 67*x + 315 = 0. Suppose -19 - x = -6*g. Calculate the greatest common divisor of 9 and g.
9
Suppose 5*t - 4*x = -4, 2*t - 2*x + 3*x = 1. Suppose -h + r = 6*r - 108, t = -4*h - 3*r + 364. Calculate the highest common factor of 8 and h.
8
Suppose 10 = 4*o - 2*o. Suppose 0 = z - 3*z + g + 1, -4*g + 35 = o*z. Suppose z*k + 2*k - 60 = 0. Calculate the greatest common divisor of k and 4.
4
Suppose 0 = 13*o - 329 - 1101. Calculate the greatest common factor of o and 55.
55
Let l = -76 + 126. Let v be (5 - 2)/(6/80). Suppose 7*k - 3*k - v = 0. What is the highest common factor of l and k?
10
Suppose -163*n + 3*t + 64 = -161*n, -4*t - 128 = -4*n. Suppose -5*r = -0*r - 160. What is the greatest common divisor of n and r?
32
Let p = -14 + 25. Suppose -z + 1 = -p. Let o = -29894 + 30026. What is the greatest common divisor of z and o?
12
Suppose -1161 = -3*f - 21*n + 20*n, 2*f - 3*n - 785 = 0. Calculate the greatest common divisor of 97 and f.
97
Suppose 14 = -3*o + 2. Let y(z) = z**3 + 5*z**2 + z - 3. Let d be y(o). What is the highest common factor of 9 and d?
9
Suppose 9*g = 7*g + 10. Suppose 0 = t + t - 3*k + g, -2*t + 10 = 2*k. Suppose t*b - 5 = 9. Calculate the greatest common divisor of 77 and b.
7
Let m = 11 + -28. Let b = -14 - m. Suppose -q = b*q - 96. Calculate the highest common divisor of 8 and q.
8
Let n = -61 - -69. Suppose 2*t - 36 = -n. Calculate the highest common divisor of 35 and t.
7
Suppose -29*k + 156 = -3*k. Calculate the highest common divisor of 32 and k.
2
Let y = -100 + 148. Let c be 48/(-312) + (-8740)/(-26). What is the highest common factor of y and c?
48
Let l = 9 - 4. Let u be (-45)/18*4/(-5). Suppose 0*f - 30 = -u*f. Calculate the highest common factor of f and l.
5
Suppose -4*j + 188 = 4*f, -4*f + 32 = 3*j - 161. Calculate the highest common factor of 117 and f.
13
Let w = 50 - 45. Suppose 2*p = w*p - 189. What is the highest common factor of 9 and p?
9
Let r(p) = 26*p - 86. Let b be r(4). What is the greatest common divisor of b and 30?
6
Let j = 217 + 71. Suppose 4*u + 0*u = j. What is the greatest common factor of 8 and u?
8
Let t(w) = w**2 - 15*w - 4*w - w - 8 - 17. Let v be t(25). What is the highest common divisor of 40 and v?
20
Suppose 4*w = -t + 33, -t - 2*w - 150 = -5*t. Suppose -t + 7 = -3*q. Calculate the highest common divisor of q and 20.
10
Suppose 58*m - 54 = 56*m. Let l be 8 + m + -3 + -1. Calculate the greatest common factor of l and 31.
31
Let i = 7 + -3. Suppose -2*l + 0*l = -2. Let s be 14/2 + (l - 0). What is the greatest common factor of s and i?
4
Suppose -5*t + 3*m = -28, 5*t - 10*m = -5*m + 30. What is the greatest common divisor of t and 5?
5
Suppose 0 = -u - 3*n - 7, u - n = -3*u + 37. Suppose -3*m + u = m. Calculate the greatest common factor of m and 1.
1
Let n be (-1)/4*((-4 - -2) + -78). Let l = -462 + 682. What is the highest common factor of l and n?
20
Let r(w) = w**3 - 5*w**2 + 12*w - 10. Let k be r(6). Calculate the highest common divisor of 378 and k.
14
Let r be 14*(1395/(-210) - -8). Let d be (-77)/(-2) - 2/4. Calculate the greatest common factor of r and d.
19
Let m = 63 + -57. Let q be (-2)/(-2)*(m/1 - -24). Calculate the greatest common factor of 30 and q.
30
Let a(n) = 4*n**2 - 3*n - 2. Let u be a(-1). Suppose -13*i = -14*i + u. Calculate the greatest common factor of i and 15.
5
Let q(k) = k**2 - 32*k + 218. Let n be q(23). What is the highest common divisor of 913 and n?
11
Let d be (104/16 + -5)*6. Suppose -3*i + 141 = -156. Calculate the highest common factor of d and i.
9
Let h(g) = 5*g - 15. Let d be h(7). Suppose 3*p - 21 = -9. Suppose 324 = 2*u - k + 5*k, -645 = -p*u - 5*k. What is the highest common divisor of d and u?
20
Let w = 279 + -267. What is the highest common divisor of w and 9?
3
Let i = -45 + 90. Suppose 0 = c - 64 + i. Calculate the greatest common divisor of 57 and c.
19
Let j be 12*10/40 + (-50)/(-2). Calculate the greatest common divisor of 44 and j.
4
Let h = 2 - -13. Let k(j) = 5 - 4 + h*j**2 + j + j. Let t be k(-1). Calculate the greatest common factor of t and 112.
14
Let m = 299 - 289. Suppose -2 = -j + 1. Let x(k) = 11*k - 3. Let a be x(j). What is the highest common divisor of a and m?
10
Let q = -7 + 7. Suppose 4*n + 387 = -5*m, 0*n + 2*n - 2*m + 216 = q. Let o = n - -147. What is the greatest common divisor of o and 22?
22
Let p(g) = 10 + 5*g - g - 3*g. Let n be p(-6). Let k(r) = 50*r + 106. Let j be k(-2). What is the greatest common divisor of j and n?
2
Suppose 7*i = -5*v + 2*i + 205, -4*v = -3*i - 192. What is the greatest common divisor of v and 495?
45
Let u(l) = -272*l - 15. Let t be u(-2). Calculate the highest common divisor of 23 and t.
23
Suppose 3*b = 4*f + 2*b - 9, 4*f + 3*b - 5 = 0. Suppose 40 = -0*c - 5*c. Let p = c - -26. What is the highest common divisor of f and p?
2
Suppose 5*y + 2*i = 4562, i = 5*y - 62 - 4497. What is the highest common divisor of 57 and y?
57
Suppose -17*r = -20*r + 12. Suppose 3*m = 4*i + 172, 0*i = -m - r*i + 68. Calculate the highest common factor of m and 24.
12
Suppose 2*j - 12 + 4 = 0. Suppose 310 = 5*w - 4*r, 3*r = j*w - w - 183. Calculate the greatest common divisor of 22 and w.
22
Let q = -8 + 10. Calculate the highest common factor of 13 and q.
1
Suppose 26*g - 1706 = -198. Calculate the highest common divisor of g and 2.
2
Suppose 1362 = 3*o - 3*x, 5*o = -12*x + 13*x + 2274. What is the highest common divisor of 91 and o?
91
Let i = -325 + 327. What is the highest common factor of i and 74?
2
Let r = -12125 + 12131. Suppose m = 38 + 22. What is the greatest common divisor of r and m?
6
Let r = 971 - 872. What is the greatest common factor of 528 and 